5
Convert -1103 (base 4) to base 3.
-10002
Convert 6 (base 7) to base 14.
6
1 (base 7) to base 15
1
What is -42 (base 5) in base 11?
-20
Convert 1 (base 14) to base 4.
1
What is 10 (base 2) in base 12?
2
Convert 3 (base 15) to base 4.
3
Convert 0 (base 10) to base 14.
0
Convert -2 (base 6) to base 8.
-2
-131 (base 8) to base 3
-10022
Convert 0 (base 14) to base 6.
0
6 (base 7) to base 4
12
-16 (base 8) to base 14
-10
Convert -140 (base 5) to base 14.
-33
-3 (base 13) to base 6
-3
What is -3 (base 15) in base 13?
-3
-2 (base 15) to base 6
-2
Convert 403 (base 5) to base 2.
1100111
-110 (base 4) to base 13
-17
What is 6 (base 16) in base 14?
6
What is -1 (base 6) in base 12?
-1
What is -12 (base 9) in base 10?
-11
What is -21 (base 8) in base 14?
-13
Convert 110 (base 4) to base 5.
40
-2 (base 14) to base 10
-2
Convert 0 (base 2) to base 5.
0
What is -10 (base 5) in base 6?
-5
What is 0 (base 3) in base 14?
0
3 (base 13) to base 2
11
29 (base 12) to base 11
30
What is -212 (base 3) in base 14?
-19
What is -21 (base 4) in base 11?
-9
What is -112 (base 4) in base 3?
-211
What is -4 (base 9) in base 6?
-4
Convert 8 (base 15) to base 6.
12
15 (base 11) to base 10
16
What is -55 (base 9) in base 12?
-42
Convert 1 (base 14) to base 15.
1
Convert 1300 (base 4) to base 13.
88
What is -8 (base 11) in base 9?
-8
1 (base 3) to base 2
1
What is -10 (base 5) in base 2?
-101
-19 (base 15) to base 7
-33
What is 1011 (base 3) in base 5?
111
What is -1 (base 3) in base 7?
-1
20 (base 4) to base 5
13
Convert 21 (base 11) to base 12.
1b
-5 (base 9) to base 2
-101
40 (base 9) to base 13
2a
Convert -2 (base 12) to base 8.
-2
Convert -1322 (base 4) to base 9.
-145
Convert 42 (base 8) to base 10.
34
What is 22 (base 4) in base 10?
10
Convert 16 (base 7) to base 11.
12
-ca (base 14) to base 7
-343
34 (base 5) to base 4
103
What is 4 (base 12) in base 14?
4
What is -286 (base 10) in base 12?
-1ba
-2 (base 3) to base 11
-2
What is 20 (base 5) in base 9?
11
Convert 3101 (base 4) to base 3.
21202
What is -49 (base 12) in base 15?
-3c
Convert -ca (base 14) to base 9.
-217
What is -36 (base 11) in base 5?
-124
-14 (base 14) to base 10
-18
-11 (base 10) to base 5
-21
What is -3 (base 5) in base 6?
-3
-4 (base 13) to base 10
-4
fe (base 16) to base 9
312
What is -26 (base 14) in base 8?
-42
Convert 1 (base 15) to base 12.
1
Convert 3 (base 5) to base 4.
3
What is -110 (base 3) in base 13?
-c
12 (base 5) to base 15
7
25 (base 11) to base 8
33
Convert 2 (base 15) to base 13.
2
5 (base 8) to base 11
5
What is -111 (base 2) in base 13?
-7
What is -23 (base 8) in base 11?
-18
-34 (base 7) to base 4
-121
Convert 7 (base 9) to base 4.
13
What is 29 (base 12) in base 13?
27
-40 (base 14) to base 2
-111000
6 (base 7) to base 4
12
Convert -2 (base 3) to base 12.
-2
Convert 10 (base 5) to base 9.
5
What is 132 (base 11) in base 8?
234
15 (base 14) to base 6
31
Convert -6 (base 13) to base 2.
-110
Convert 0 (base 7) to base 2.
0
What is 1000 (base 2) in base 9?
8
What is 16 (base 12) in base 10?
18
What is 77 (base 12) in base 5?
331
What is 101100 (base 2) in base 15?
2e
What is -2 (base 8) in base 10?
-2
What is -3 (base 9) in base 6?
-3
-1 (base 3) to base 13
-1
Convert 2002 (base 3) to base 16.
38
What is 37 (base 12) in base 4?
223
What is 2c (base 14) in base 16?
28
What is -d7 (base 16) in base 6?
-555
What is 4 (base 12) in base 9?
4
1 (base 9) to base 3
1
Convert -2 (base 15) to base 6.
-2
What is 160 (base 10) in base 15?
aa
Convert -103 (base 11) to base 7.
-235
What is 4 (base 6) in base 10?
4
Convert -1 (base 8) to base 12.
-1
What is 47 (base 16) in base 14?
51
What is 11001110 (base 2) in base 4?
3032
Convert -20 (base 5) to base 8.
-12
What is -10 (base 3) in base 11?
-3
What is -111 (base 2) in base 6?
-11
-a (base 11) to base 2
-1010
-3 (base 6) to base 16
-3
What is 0 (base 11) in base 13?
0
Convert -10 (base 6) to base 11.
-6
What is -1011 (base 5) in base 15?
-8b
Convert -32 (base 16) to base 11.
-46
Convert 1 (base 6) to base 11.
1
2 (base 12) to base 10
2
Convert c (base 16) to base 8.
14
What is 4 (base 7) in base 16?
4
Convert -201 (base 3) to base 9.
-21
-122 (base 10) to base 11
-101
Convert -111 (base 2) to base 16.
-7
What is -29 (base 12) in base 3?
-1020
17 (base 11) to base 4
102
Convert 1 (base 15) to base 12.
1
What is -1 (base 13) in base 11?
-1
-25 (base 7) to base 13
-16
Convert -1 (base 16) to base 7.
-1
Convert -430 (base 5) to base 14.
-83
Convert 246 (base 12) to base 13.
204
What is 312 (base 9) in base 15?
11e
1aa (base 15) to base 11
320
Convert 8 (base 9) to base 8.
10
-8 (base 10) to base 13
-8
Convert 10010 (base 2) to base 13.
15
-4 (base 11) to base 2
-100
What is 1 (base 14) in base 6?
1
-1 (base 16) to base 6
-1
What is 48 (base 10) in base 4?
300
What is 10 (base 3) in base 2?
11
-2 (base 15) to base 2
-10
-233 (base 5) to base 6
-152
What is 0 (base 16) in base 7?
0
1 (base 15) to base 16
1
a2 (base 12) to base 5
442
Convert -1 (base 2) to base 7.
-1
2 (base 3) to base 6
2
What is 6 (base 15) in base 3?
20
-103 (base 8) to base 6
-151
-13 (base 8) to base 13
-b
Convert -6 (base 16) to base 15.
-6
What is -20 (base 4) in base 6?
-12
What is 11 (base 5) in base 12?
6
10112 (base 3) to base 16
5f
-343 (base 8) to base 15
-102
What is -1 (base 14) in base 13?
-1
What is -31 (base 7) in base 6?
-34
What is 131 (base 4) in base 3?
1002
103 (base 4) to base 16
13
-455 (base 6) to base 11
-153
Convert 5 (base 12) to base 13.
5
Convert 0 (base 13) to base 4.
0
Convert -195 (base 11) to base 6.
-1013
What is 77 (base 13) in base 11?
8a
112 (base 8) to base 9
82
Convert -3 (base 4) to base 10.
-3
Convert -67 (base 10) to base 16.
-43
What is -183 (base 9) in base 12?
-110
-6 (base 16) to base 3
-20
What is -12 (base 3) in base 9?
-5
What is -2 (base 3) in base 7?
-2
-110 (base 2) to base 6
-10
-101 (base 6) to base 15
-27
412 (base 6) to base 14
ac
0 (base 11) to base 2
0
What is 3 (base 8) in base 4?
3
Convert 1 (base 16) to base 7.
1
What is 0 (base 13) in base 3?
0
What is 13 (base 5) in base 8?
10
-14 (base 5) to base 6
-13
-3b (base 15) to base 14
-40
10 (base 7) to base 13
7
4 (base 7) to base 5
4
What is -3 (base 13) in base 8?
-3
What is 0 (base 6) in base 16?
0
Convert -41 (base 7) to base 12.
-25
22222 (base 3) to base 13
158
Convert 116 (base 9) to base 12.
80
99 (base 16) to base 4
2121
16 (base 15) to base 12
19
-11 (base 5) to base 7
-6
-3 (base 13) to base 15
-3
Convert 0 (base 12) to base 15.
0
What is -6 (base 10) in base 8?
-6
0 (base 6) to base 5
0
10011 (base 2) to base 5
34
Convert 13 (base 6) to base 14.
9
Convert -10 (base 2) to base 13.
-2
c (base 16) to base 15
c
-1 (base 4) to base 12
-1
-42 (base 16) to base 7
-123
Convert 111 (base 2) to base 7.
10
52 (base 6) to base 12
28
What is -4 (base 14) in base 16?
-4
-10 (base 7) to base 5
-12
Convert -101 (base 2) to base 10.
-5
Convert 145 (base 6) to base 7.
122
-204 (base 5) to base 8
-66
Convert 2 (base 7) to base 3.
2
Convert 2 (base 13) to base 16.
2
-63 (base 7) to base 16
-2d
Convert -2 (base 3) to base 15.
-2
What is 5 (base 15) in base 3?
12
Convert -5 (base 10) to base 5.
-10
What is 1001 (base 2) in base 3?
100
3 (base 12) to base 9
3
What is -1 (base 7) in base 6?
-1
-20 (base 4) to base 13
-8
What is -204 (base 5) in base 3?
-2000
Convert 2 (base 4) to base 11.
2
Convert 33 (base 5) to base 11.
17
c (base 13) to base 14
c
-76 (base 9) to base 6
-153
Convert -26 (base 7) to base 12.
-18
-2 (base 12) to base 3
-2
What is -217 (base 8) in base 14?
-a3
What is 11 (base 9) in base 6?
14
-a (base 12) to base 10
-10
Convert 1001 (base 2) to base 5.
14
Convert -15 (base 9) to base 10.
-14
-5f (base 16) to base 3
-10112
What is -40 (base 5) in base 14?
-16
Convert -12 (base 5) to base 10.
-7
What is -20 (base 9) in base 2?
-10010
What is -34 (base 15) in base 7?
-100
What is 11100 (base 2) in base 10?
28
What is 10001001 (base 2) in base 7?
254
Convert -4 (base 8) to base 11.
-4
What is 12 (base 10) in base 12?
10
Convert 1010 (base 2) to base 7.
13
10 (base 2) to base 13
2
Convert -4d (base 16) to base 10.
-77
What is 5 (base 11) in base 2?
101
-18 (base 9) to base 5
-32
What is -2 (base 15) in base 5?
-2
What is -10001 (base 2) in base 7?
-23
What is -11 (base 7) 